24*b**4 + 0*b - 1/2*b**3 + 7/60*b**5 + 0 - 12*b**2. Is m(14) a composite number?
True
Let x = 21665 - 7438. Is x composite?
True
Let v(q) = -7*q**2 - 11*q + 5. Let g be v(-8). Let y be (-12)/30 - (2 - 11766/15). Let c = y + g. Is c a prime number?
False
Let f = -10 - -12. Let y(z) = -z + 17. Let g be y(9). Suppose 6906 = g*j - f*j. Is j a prime number?
True
Let c = 90 - 90. Suppose -z + 3649 = -c*z. Is z prime?
False
Suppose 3*b = -o - 402, 0 = 5*b - 2*o + 334 + 347. Let p(u) = u**3 + 4*u**2 + 15*u + 4. Let g be p(-7). Let n = b - g. Is n a composite number?
False
Suppose 4*w - 3240 = 2*x, -2*w + x + 1628 = -4*x. Is w a composite number?
False
Let f(q) = 40*q**2 + 14*q - 41. Is f(-13) a prime number?
False
Let n = 391 + -261. Suppose 5*s + n = -o + 5*o, 4*o + 2*s - 144 = 0. Is o composite?
True
Suppose 0 = 3*u - 2376 + 549. Let v = 130 - 130. Suppose 5*i - 206 - u = v. Is i prime?
True
Let k = -5 + 9. Suppose k*g + 4 = -12. Let r(m) = m**2 - 6*m - 1. Is r(g) a prime number?
False
Let q(k) = 13*k**2 - 4*k - 6 + k**2 - 8*k**2. Is q(-4) prime?
False
Let l(a) = -8 - 13 + 8 - 43*a - 6*a. Let r(o) = 99*o + 26. Let k(b) = -5*l(b) - 2*r(b). Is k(8) composite?
False
Suppose 4*a = -3*f - 934 + 70380, -52085 = -3*a - 2*f. Is a prime?
False
Let u(c) = -2 - 5 + 4 - 118*c. Let j be u(-2). Suppose 0 = 5*w - j - 242. Is w prime?
False
Suppose -5*d - 11001 = 14*d. Suppose 0*x + 1264 = x. Let n = x + d. Is n prime?
False
Suppose 0*l + 8 = 4*l. Suppose l*w + 0*w - 106 = 0. Is w prime?
True
Let o(b) = -22567*b**3 - 2*b**2 + 3*b + 5. Is o(-1) a prime number?
True
Let t(m) = 8750*m**2 - 29*m + 30. Is t(1) prime?
False
Is 1/(-5*(-3)/22485) a composite number?
False
Let h(n) = -23*n**3 + n**2 + 3*n. Let l(f) = 2 - 3 + f**2 - 13*f**3 + 9*f**3 - 18*f**3 + 3*f. Let z(r) = 3*h(r) - 4*l(r). Is z(3) a composite number?
False
Let s = -67 - 143. Let t = s + 1019. Is t prime?
True
Let l = 54 + -50. Let p(d) = 40*d**2 + 9*d + 3. Is p(l) composite?
True
Suppose -3 = 2*s - 3*d, -5*d + 12 = 3*s - 4*d. Suppose 0 = s*f - 552 - 201. Is f a composite number?
False
Suppose 0 = -r + 2 - 1. Let x be (r - 0)/(2/(-6)). Is 6 + 180 + x/3 composite?
True
Let q(p) = 6*p**2 - 1 + 0*p**3 - 4*p**2 - p**3 + 5*p**2 - 3*p. Let n be 4 - 1*1/(-1). Is q(n) prime?
False
Let z(b) = -35*b + 1 + 4 - 4. Let m be (-4 + (10 - 9))*(-4)/(-6). Is z(m) prime?
True
Suppose -5*m = 20 - 165. Let y = m + -25. Suppose 9473 = 3*o - y*c, -4*o - 4*c + 12668 = -0*c. Is o composite?
False
Suppose a = f + 8661, 3*a - 5*f - 34644 = -a. Is a a composite number?
True
Let d(a) = -5946*a + 59. Is d(-4) a prime number?
False
Let z(b) = 18*b - 11. Suppose 0 = -j - 0*j + 4. Let i(r) = -r**2 + 7*r - 6. Let y be i(j). Is z(y) composite?
False
Suppose 0 = 5*n - 3*n - 16. Let j be (n - 4) + (1 - 3). Suppose 0 = 2*u + 2*w - 2354, -u - 3*w = j*w - 1189. Is u prime?
False
Let m(u) = -u**3 - 5*u**2 + u + 1. Suppose -s + 7*s = 126. Let b be (-138)/s - (-8)/14. Is m(b) prime?
True
Let o = -200 + -35. Is (0 - (o - 4)) + -4 prime?
False
Let x(p) = 12990*p + 217. Is x(3) a composite number?
True
Let m = 10 - 10. Suppose m = d - 3. Suppose -2*n + z = 54 - 232, -d*n + 267 = -5*z. Is n a composite number?
False
Let v = 20560 - -3877. Is v a composite number?
True
Let h(f) = f**2 + 5*f + 2. Let g be h(-6). Is (-40)/g*1137/(-15) a prime number?
True
Let s = 5068 + -3287. Is s a prime number?
False
Is (0 - -43)/((-17)/(-1003)) a prime number?
False
Suppose 3*s - 6637 = 3*f - 7*f, 4*s = 4*f + 8868. Is s a prime number?
False
Let o(i) = i**2 - 3*i. Let b be o(4). Suppose 0*f = 3*k - f - 392, -4 = -b*f. Let d = 436 - k. Is d a composite number?
True
Let x = -411 - -587. Suppose -x = -b - 58. Is b prime?
False
Suppose 606*w = 612*w - 87414. Is w a composite number?
True
Suppose -2*k - 11 + 5 = 0. Let n(o) = 407*o**2 + 5*o + 11. Is n(k) a composite number?
False
Let b = 9 - 5. Suppose z - 3*q - 12 = 0, 5*z + b = z - q. Suppose 4*s - 65 + 5 = z. Is s prime?
False
Let o(a) = 7*a**2 + 1. Let l be o(1). Let w be 2/(((-5)/l)/(-5)). Let d = -9 + w. Is d prime?
True
Let z be (-2)/7 - 308/(-49). Suppose 200 = -k + z*k. Suppose -4*s + k = -0. Is s a composite number?
True
Suppose -73413 = -5*y + 53077. Suppose 0 = 4*k - 18*k + y. Is k a composite number?
True
Let z = 63 + -63. Suppose -3*o + 2646 + 1451 = m, 2*m - 2*o - 8226 = z. Is m a composite number?
True
Suppose -4*h + 3784 = 4*d - 0*d, -2 = 2*d. Is (h/2)/((-11)/(-44)) prime?
False
Suppose -j = 5*j + 18. Let w be (-3)/9 + (-9370)/j. Suppose -7*m = 2*m - w. Is m a composite number?
False
Let c be 5/(-10)*(1 + -23). Suppose 6*r - 25 = c*r. Is 3*((-6550)/6)/r composite?
True
Let m(i) be the second derivative of 8*i**4/3 - 2*i**3/3 - i**2 - 2*i. Is m(-3) a composite number?
True
Let h = 1727 - -22074. Is h composite?
False
Suppose a + 4 = 0, -2*h - 12 = -h + 5*a. Let p be 14/((-7)/(28/h)). Let y(q) = -47*q + 8. Is y(p) a prime number?
True
Suppose 0 = 4*v - 7*v. Suppose 7*m - 5*m = v. Suppose 4*n + 12 = m, -2*n - 408 = -3*l + 45. Is l a prime number?
True
Let j(w) = 14*w**2 - 57*w - 10. Is j(31) prime?
True
Let o be (-58)/(89/(-22) + 4). Suppose -5*v = -3*j + o, 4*j - 377 = 2*v + 1301. Is j a prime number?
False
Suppose -2*a + 3*w - 39 = -3*a, -237 = -5*a - w. Let c = a - 34. Suppose c + 1 = 3*l, 2*y + 2*l - 40 = 0. Is y prime?
False
Let v = 12 + -22. Let d(q) = -q**3 - 9*q**2 + 10*q + 5. Let t be d(v). Suppose t*p - 236 = -4*o + 96, -4*o - 3*p + 332 = 0. Is o prime?
True
Let a be 223/(60/(-65) - -1). Suppose 2087 = 6*p - a. Is p composite?
True
Suppose -f = -581 - 581. Suppose -3*h + 6 = -0*h. Suppose -h*g - 2*g = -4*l + 2264, 2*l + 4*g - f = 0. Is l a prime number?
True
Let a = -12373 + 19476. Is a prime?
True
Suppose 4*t + 6 = i - 11, -5 = t. Let k(s) = -67*s. Is k(i) composite?
True
Suppose 2624 = 3*h - 3*a - 6874, -4*h + 12657 = 3*a. Suppose -3*g = 2*g - h. Is g a composite number?
True
Let c be (-2)/7 - (255/(-35) + 4). Is (-2 - (-8)/c)*8289/18 a composite number?
False
Let i(c) = 29 + 27*c + 12*c + 22*c - 9*c. Is i(14) composite?
False
Let i be (5608/10 - -4)*5. Suppose 4*p + 332 - i = 0. Is p a composite number?
True
Let v(r) = -r**2 + 3*r. Let h be v(3). Suppose h = -2*i + i + 787. Is i prime?
True
Let j(y) = -y**3 + 4*y**2 + 4. Let x be j(4). Suppose 0 = x*d + 4 - 12. Is 82/1 - d - 1 a prime number?
True
Let u(d) = 2*d**2 - 4*d - 5. Let x(w) = 2*w - 8. Let h be x(0). Let l be u(h). Let p = l - -30. Is p prime?
False
Suppose -1161 - 711 = -12*j. Suppose j*n - 158*n = -5878. Is n a prime number?
True
Let x = -79992 - -142385. Is x composite?
True
Let q = -13 + 12. Is -1 + (4 - q) + 409 composite?
True
Let j = 1463 + 690. Is j a composite number?
False
Let r(a) = a**3 - 12*a**2 + 3. Let p be r(12). Is (-1 + 1442)*p/3 composite?
True
Suppose -5*n = 3*y + 5, -7*y + 3*y = 5*n + 10. Suppose -n*a + 10 = -416. Let r = 376 - a. Is r a composite number?
False
Let n(k) = 15*k**2 + 25*k - 9. Is n(-4) a composite number?
False
Let s(q) be the second derivative of 6*q**4 + q**3/6 + 7*q**2/2 + 21*q. Is s(-2) a composite number?
False
Let b = -14 + -263. Let o = 1141 + -647. Let i = b + o. Is i a composite number?
True
Let z be 4292/5 + (-10)/25. Suppose -402 = -4*m + z. Suppose 5*s - 5*p = 540, 3*s - 5*p = 19 + m. Is s prime?
True
Is ((-2)/4)/((-16)/(-2518624)*-1) a prime number?
True
Suppose -w + 5*r = -29, -r + 2*r + 13 = 2*w. Let g be (-10)/6*(-8 + -193). Suppose l - 3*c = 103, 0 = -3*l - w*c + g - 52. Is l composite?
False
Let r = 8 + -14. Is ((-5)/3 - -2)/(r/(-19818)) composite?
True
Suppose -5*i + 0*o + 310 = -5*o, o + 122 = 2*i. Let z = i - -48. Suppose 19 = l - z. Is l a composite number?
False
Let l = -27 + 30. Let d(a) = -a**3 + 2*a**2 + 3*a + 4. Let f be d(l). Suppose -f*n = v - 111, -2*n + 222 = 5*v - 405. Is v a prime number?
True
Is 6/4*(-51562)/(-21) composite?
True
Is (-19)/171 + (-647868)/(-27) composite?
True
Let q be -2098 + -3 - (-4 + 5). Let z = -1213 - q. Suppose 3*g - z = -4*g. Is g a composite number?
False
Suppose -4*m = -4, 0*i - 4*i + 4*m = 40. Let h = -17 - i. Is (-506)/(-4) + (-4)/h a composite number?
False
Suppose 3*h = 4*h - 5. Suppose 1001 + 4989 = h*i. Suppose 0 = -5*f - 123 + i. Is f prime?
False
Suppose k - 371 + 72 = 0. Suppose -3*y + 6*y - 558 = 0. Let x = k - y. Is x composi